{"id":15,"date":"2022-02-20T16:18:44","date_gmt":"2022-02-20T15:18:44","guid":{"rendered":"https:\/\/topsolabobnov.si\/?page_id=15"},"modified":"2025-08-12T18:35:53","modified_gmt":"2025-08-12T17:35:53","slug":"home","status":"publish","type":"page","link":"https:\/\/topsolabobnov.si\/","title":{"rendered":"Top \u0161ola bobnov"},"content":{"rendered":"<div class=\"wp-block-cover alignfull\" style=\"background-image: url('https:\/\/topsolabobnov.si\/wp-content\/themes\/neve\/assets\/img\/starter-content\/drum2.jpg'); min-height: 700px; background-size: cover; background-position: 50% 64%;\">\r\n<div class=\"wp-block-cover__inner-container\">\r\n<div class=\"wp-block-spacer\" style=\"height: 80px;\" aria-hidden=\"true\">\r\n<div class=\"wp-block-spacer\" style=\"height: 80px;\" aria-hidden=\"true\">\u00a0<\/div>\r\n<\/div>\r\n<p><\/p>\r\n<h1 class=\"has-text-align-center has-text-color wp-block-heading\" style=\"color: #121212; font-size: 57px;\"><span style=\"color: #121212; background-color: #ffffff;\">Top \u0161ola bobnov<br \/><\/span><\/h1>\r\n<p><\/p>\r\n<p><\/p>\r\n<p class=\"has-text-align-center has-text-color has-background-color\" style=\"color: #121212;\"><span style=\"color: #121212; background-color: #ffffff;\">Specializirana glasbena \u0161ola za u\u010denje bobnov in razvijanje glasbenih sposobnosti za vse starosti, stopnje in glasbene \u017eanre. Pou\u010dujemo v Ljubljani, Novem Mestu, Kr\u0161kem in Bre\u017eicah. Uporabljamo raznolik, prilagodljiv in celostni pristop k u\u010denju po najsodobnej\u0161ih metodah.<\/span><\/p>\r\n<p class=\"has-text-align-center has-text-color has-background-color\" style=\"color: #121212;\"><span style=\"color: #121212; background-color: #ffffff;\">Vpisujemo skozi vse leto.<\/span><\/p>\r\n<p><\/p>\r\n<p><\/p>\r\n<div class=\"wp-block-buttons aligncenter is-content-justification-center is-layout-flex wp-container-core-buttons-is-layout-16018d1d wp-block-buttons-is-layout-flex\">\r\n<div class=\"wp-block-button is-style-primary\"><a class=\"wp-block-button__link\" href=\"https:\/\/topsolabobnov.si\/?page_id=17\">KONTAKT<\/a><\/div>\r\n<p><\/p>\r\n<p><\/p>\r\n<div class=\"wp-block-button is-style-secondary\"><a class=\"wp-block-button__link\" href=\"https:\/\/topsolabobnov.si\/?page_id=17\">Brezpla\u010den preizkus<\/a><\/div>\r\n<p><\/p>\r\n<\/div>\r\n<p><\/p>\r\n<p><\/p>\r\n<div class=\"wp-block-spacer\" style=\"height: 80px;\" aria-hidden=\"true\">\u00a0<\/div>\r\n<p><\/p>\r\n<p><\/p>\r\n<\/div>\r\n<\/div>\r\n<p><\/p>\r\n<p><\/p>\r\n<div class=\"wp-block-spacer\" style=\"height: 80px;\" aria-hidden=\"true\">\u00a0<\/div>\r\n<p><\/p>\r\n<p><\/p>\r\n<div class=\"wp-block-columns is-layout-flex wp-container-core-columns-is-layout-9d6595d7 wp-block-columns-is-layout-flex\">\r\n<div class=\"wp-block-column is-layout-flow wp-block-column-is-layout-flow\">\r\n<div class=\"wp-block-image icon-style is-style-default\">\r\n<figure class=\"aligncenter is-resized\"><img loading=\"lazy\" decoding=\"async\" src=\"https:\/\/topsolabobnov.si\/wp-content\/themes\/neve\/assets\/img\/starter-content\/icon-03.svg\" alt=\"\" width=\"48\" height=\"48\" \/><\/figure>\r\n<\/div>\r\n<p><\/p>\r\n<p><\/p>\r\n<h3 class=\"has-text-align-center has-neve-text-color-color has-text-color wp-block-heading\">Strokovnost<\/h3>\r\n<p><\/p>\r\n<p><\/p>\r\n<p class=\"has-text-align-center\">Bobnarska \u0161ola nudi ve\u010djo obse\u017enost, prilagodljivost in raznolikosti bobnarskih programov. Mentorji so mednarodno akademsko izobra\u017eeni in izku\u0161eni na pedago\u0161kem in glasbenem podro\u010dju.<\/p>\r\n<p><\/p>\r\n<p><\/p>\r\n<div class=\"wp-block-spacer\" style=\"height: 20px;\" aria-hidden=\"true\">\u00a0<\/div>\r\n<p><\/p>\r\n<\/div>\r\n<p><\/p>\r\n<p><\/p>\r\n<div class=\"wp-block-column is-layout-flow wp-block-column-is-layout-flow\">\r\n<div class=\"wp-block-image icon-style is-style-default\">\r\n<figure class=\"aligncenter is-resized\"><img loading=\"lazy\" decoding=\"async\" src=\"https:\/\/topsolabobnov.si\/wp-content\/themes\/neve\/assets\/img\/starter-content\/icon-02.svg\" alt=\"\" width=\"48\" height=\"48\" \/><\/figure>\r\n<\/div>\r\n<p><\/p>\r\n<p><\/p>\r\n<h3 class=\"has-text-align-center has-neve-text-color-color has-text-color wp-block-heading\">Prilagojeno u\u010dencu<\/h3>\r\n<p><\/p>\r\n<p><\/p>\r\n<p class=\"has-text-align-center\">Osnova u\u010dnega procesa je posameznik in nato program. Va\u0161 cilj, motivacija, zmo\u017enosti in stopnja so dejavniki na podlagi katerih se zasnuje program in metode ter zagotovi glasbeni napredek.<\/p>\r\n<p><\/p>\r\n<p><\/p>\r\n<div class=\"wp-block-spacer\" style=\"height: 20px;\" aria-hidden=\"true\">\u00a0<\/div>\r\n<p><\/p>\r\n<\/div>\r\n<p><\/p>\r\n<p><\/p>\r\n<div class=\"wp-block-column is-layout-flow wp-block-column-is-layout-flow\">\r\n<div class=\"wp-block-image icon-style is-style-square\">\r\n<figure class=\"aligncenter is-resized\"><img loading=\"lazy\" decoding=\"async\" src=\"https:\/\/topsolabobnov.si\/wp-content\/themes\/neve\/assets\/img\/starter-content\/notesv3.svg\" alt=\"\" width=\"48\" height=\"48\" \/><\/figure>\r\n<\/div>\r\n<p><\/p>\r\n<p><\/p>\r\n<h3 class=\"has-text-align-center has-neve-text-color-color has-text-color wp-block-heading\">Raznoliki programi<\/h3>\r\n<p><\/p>\r\n<p><\/p>\r\n<p class=\"has-text-align-center\">Programi, ki se prilagodijo u\u010dencu, obsegajo Pop , Rock, Jazz, Blues, Metal in me\u0161ane glasbene \u017eanre. Uporabljamo sodobne materiale in tehnike pou\u010devanja.<\/p>\r\n<p>&nbsp;<\/p>\r\n<p><\/p>\r\n<p><\/p>\r\n<\/div>\r\n<p><\/p>\r\n<\/div>\r\n<p><\/p>\r\n<p><\/p>\r\n<p><\/p>\r\n<div class=\"wp-block-cover alignfull has-nv-light-bg-background-color has-background-dim\" style=\"min-height: 600px;aspect-ratio:unset;\">\r\n<div class=\"wp-block-cover__inner-container is-layout-flow wp-block-cover-is-layout-flow\">\r\n<div class=\"wp-block-group\">\r\n<div class=\"wp-block-group__inner-container is-layout-flow wp-block-group-is-layout-flow\">\r\n<p><\/p>\r\n<div class=\"wp-block-columns are-vertically-aligned-center is-layout-flex wp-container-core-columns-is-layout-9d6595d7 wp-block-columns-is-layout-flex\">\r\n<div class=\"wp-block-column is-vertically-aligned-center is-layout-flow wp-block-column-is-layout-flow\" style=\"flex-basis: 50%;\">\r\n<figure class=\"wp-block-image\"><img decoding=\"async\" src=\"https:\/\/topsolabobnov.si\/wp-content\/themes\/neve\/assets\/img\/starter-content\/peter1.jpg\" alt=\"\" \/><\/figure>\r\n<p><\/p>\r\n<\/div>\r\n<p><\/p>\r\n<p><\/p>\r\n<div class=\"wp-block-column is-vertically-aligned-center is-layout-flow wp-block-column-is-layout-flow\" style=\"flex-basis: 50%;\">\r\n<div class=\"wp-block-spacer\" style=\"height: 20px;\" aria-hidden=\"true\">\u00a0<\/div>\r\n<p><\/p>\r\n<p><\/p>\r\n<h2 class=\"has-text-align-left has-neve-text-color-color has-text-color wp-block-heading\">Programi<\/h2>\r\n<p><\/p>\r\n<p><\/p>\r\n<p class=\"has-text-align-left has-neve-text-color-color has-text-color\" style=\"font-size: 17px;\">Velika izbira programov za vsakogar. Pou\u010dujemo od popolnoma za\u010detni\u0161kih do najnaprednej\u0161ih bobnarskih tehnik. Celosten pristop do in\u0161trumenta, ki zjema igranje v skupini, na odru , snemanje , izbiro kompleta, open in \u010dinel. Med poukom se obravnava glasbena teorija s poudarkom na prakti\u010dni uporabi pri ustvarjanju in razumevanju.<\/p>\r\n<p><\/p>\r\n<p><\/p>\r\n<div class=\"wp-block-buttons alignleft is-layout-flex wp-block-buttons-is-layout-flex\"> <a class=\"wp-block-button__link\" href=\"https:\/\/topsolabobnov.si\/?page_id=18\">VE\u010c O PROGRAMIH<\/a> <\/div>\r\n<p><\/p>\r\n<\/div>\r\n<p><\/p>\r\n<\/div>\r\n<p><\/p>\r\n<p><\/p>\r\n<div class=\"wp-block-spacer\" style=\"height: 40px;\" aria-hidden=\"true\">\u00a0<\/div>\r\n<p><\/p>\r\n<\/div>\r\n<\/div>\r\n<p><\/p>\r\n<\/div>\r\n<\/div>\r\n<p><\/p>\r\n<p><\/p>\r\n<p><\/p>\r\n<div class=\"wp-block-cover alignfull has-white-background-color has-background-dim\" style=\"min-height: 420px;aspect-ratio:unset;\">\r\n<div class=\"wp-block-cover__inner-container is-layout-flow wp-block-cover-is-layout-flow\">\r\n<p><\/p>\r\n<h2 class=\"wp-block-heading\">\u00a0<\/h2>\r\n<h2 class=\"has-neve-text-color-color has-text-color\">Mentorji<\/h2>\r\n<p><\/p>\r\n<p><\/p>\r\n<div class=\"wp-block-columns is-layout-flex wp-container-core-columns-is-layout-9d6595d7 wp-block-columns-is-layout-flex\">\r\n<div class=\"wp-block-column \">\r\n<p class=\"has-text-align-left has-neve-text-color-color has-text-color has-normal-font-size is-layout-flow wp-block-column-is-layout-flow\"><strong>PETER CIZELJ<br \/><\/strong><\/p>\r\n<p><\/p>\r\n<figure><\/figure>\r\n<figure><\/figure>\r\n<figure class=\"wp-block-image is-style-rounded\"><img loading=\"lazy\" decoding=\"async\" src=\"https:\/\/topsolabobnov.si\/wp-content\/themes\/neve\/assets\/img\/starter-content\/peter2.jpg\" alt=\"\" width=\"80\" height=\"80\" \/><\/figure>\r\n<p><\/p>\r\n<p><\/p>\r\n<p class=\"has-text-align-left has-neve-text-color-color has-text-color has-normal-font-size\">Diplomiral je leta 2013 na nizozemskem konservatoriju Codarts Rotterdam, specializiran za pop, rock in fusion glasbo. Z ve\u010d kot 10 let prakse na podro\u010dju pou\u010devanja. Sodeloval je z mnogimi izvajalci doma in tujini, kjer je pridobil veliko izku\u0161enj na odru ter glasbenem studiju.<\/p>\r\n<p><\/p>\r\n<p><\/p>\r\n<p><a class=\"wp-block-button__link\" href=\"https:\/\/www.youtube.com\/petercizelj\">VE\u010c O MENTORJU<\/a><\/p>\r\n<p><\/p>\r\n<p><\/p>\r\n<\/div>\r\n<p><\/p>\r\n<\/div>\r\n<p><\/p>\r\n<p><\/p>\r\n<div class=\"wp-block-spacer\" style=\"height: 30px;\" aria-hidden=\"true\">\u00a0<\/div>\r\n<p><\/p>\r\n<\/div>\r\n<\/div>\r\n<p><\/p>\r\n<p><\/p>\r\n<div class=\"wp-block-cover alignfull has-nv-light-bg-background-color has-background-dim\" style=\"min-height: 300px;aspect-ratio:unset;\">\r\n<div class=\"wp-block-cover__inner-container is-layout-flow wp-block-cover-is-layout-flow\">\r\n<div class=\"wp-block-group\">\r\n<div class=\"wp-block-group__inner-container is-layout-flow wp-block-group-is-layout-flow\">\r\n<p><\/p>\r\n<div class=\"wp-block-spacer\" style=\"height: 40px;\" aria-hidden=\"true\">\u00a0<\/div>\r\n<p><\/p>\r\n<\/div>\r\n<p><\/p>\r\n<h2 class=\"has-text-align-center has-neve-text-color-color has-text-color wp-block-heading\">Zaigrajte bobne in se u\u010dite <br \/>z izku\u0161enimi u\u010ditelji<\/h2>\r\n<p><\/p>\r\n<p><\/p>\r\n<p class=\"has-text-align-center\"><span style=\"color: #000000;\">Za dodatne informacije ali brezpla\u010dno preizkusno uro pokli\u010dite ali pi\u0161ite.<\/span><\/p>\r\n<p><\/p>\r\n<p><\/p>\r\n<div class=\"wp-block-spacer\" style=\"height: 40px;\" aria-hidden=\"true\">\u00a0<\/div>\r\n<p><\/p>\r\n<\/div>\r\n<\/div>\r\n<p><\/p>\r\n<\/div>\r\n<p><\/p>\r\n<p>&nbsp;<\/p>\r\n<p><\/p>\r\n<p><\/p>\r\n<div class=\"wp-block-buttons aligncenter is-content-justification-left is-layout-flex wp-container-core-buttons-is-layout-fdcfc74e wp-block-buttons-is-layout-flex\">\r\n<div style=\"text-align: center;\"><a class=\"wp-block-button__link\" href=\"https:\/\/topsolabobnov.si\/?page_id=249\">PO\u0160LJITE VPRA\u0160ANJE<\/a><\/div>\r\n<br \/>\r\n<div class=\"wp-block-button is-style-primary\" style=\"text-align: center;\"><a class=\"wp-block-button__link\" href=\"https:\/\/topsolabobnov.si\/?pagename=contact\">KONTAKT<\/a><\/div>\r\n<p><\/p>\r\n<\/div>\r\n<p><\/p>\r\n<p><\/p>\r\n<p><\/p>\r\n<p>&nbsp;<\/p>\r\n<p><\/p>\r\n<p><\/p>\r\n","protected":false},"excerpt":{"rendered":"<p>Strokovnost Bobnarska \u0161ola nudi ve\u010djo obse\u017enost, prilagodljivost in raznolikosti bobnarskih programov. Mentorji so mednarodno akademsko izobra\u017eeni in izku\u0161eni na pedago\u0161kem in glasbenem podro\u010dju. Prilagojeno u\u010dencu Osnova u\u010dnega procesa je posameznik in nato program. Va\u0161 cilj, motivacija, zmo\u017enosti in stopnja so dejavniki na podlagi katerih se zasnuje program in metode ter zagotovi glasbeni napredek. Raznoliki programi&hellip;&nbsp;<a href=\"https:\/\/topsolabobnov.si\/\" class=\"\" rel=\"bookmark\">Read More &raquo;<span class=\"screen-reader-text\">Top \u0161ola bobnov<\/span><\/a><\/p>\n","protected":false},"author":2,"featured_media":714,"parent":0,"menu_order":0,"comment_status":"closed","ping_status":"closed","template":"","meta":{"neve_meta_sidebar":"","neve_meta_container":"","neve_meta_enable_content_width":"on","neve_meta_content_width":100,"neve_meta_title_alignment":"","neve_meta_author_avatar":"","neve_post_elements_order":"","neve_meta_disable_header":"","neve_meta_disable_footer":"","neve_meta_disable_title":"on","footnotes":""},"class_list":["post-15","page","type-page","status-publish","has-post-thumbnail","hentry"],"aioseo_notices":[],"_links":{"self":[{"href":"https:\/\/topsolabobnov.si\/index.php?rest_route=\/wp\/v2\/pages\/15","targetHints":{"allow":["GET"]}}],"collection":[{"href":"https:\/\/topsolabobnov.si\/index.php?rest_route=\/wp\/v2\/pages"}],"about":[{"href":"https:\/\/topsolabobnov.si\/index.php?rest_route=\/wp\/v2\/types\/page"}],"author":[{"embeddable":true,"href":"https:\/\/topsolabobnov.si\/index.php?rest_route=\/wp\/v2\/users\/2"}],"replies":[{"embeddable":true,"href":"https:\/\/topsolabobnov.si\/index.php?rest_route=%2Fwp%2Fv2%2Fcomments&post=15"}],"version-history":[{"count":332,"href":"https:\/\/topsolabobnov.si\/index.php?rest_route=\/wp\/v2\/pages\/15\/revisions"}],"predecessor-version":[{"id":806,"href":"https:\/\/topsolabobnov.si\/index.php?rest_route=\/wp\/v2\/pages\/15\/revisions\/806"}],"wp:featuredmedia":[{"embeddable":true,"href":"https:\/\/topsolabobnov.si\/index.php?rest_route=\/wp\/v2\/media\/714"}],"wp:attachment":[{"href":"https:\/\/topsolabobnov.si\/index.php?rest_route=%2Fwp%2Fv2%2Fmedia&parent=15"}],"curies":[{"name":"wp","href":"https:\/\/api.w.org\/{rel}","templated":true}]}}